(5)?
5, 31, 211
Suppose 0 = -3*w - 5*m + 5361, 4*w = -5*m + 2476 + 4677. Let r = w + -1057. List the prime factors of r.
3, 5, 7
Let s(v) = -5*v + 33. Let o be s(6). Suppose 4*r + 0*r = -4*y + 488, o*y = 0. What are the prime factors of r?
2, 61
Let z(g) = -33*g + 141. Let i be z(39). Let o = 2002 + i. What are the prime factors of o?
2, 107
What are the prime factors of ((-91640)/(-15))/(6/(-15) - 22/(-30))?
2, 29, 79
Suppose -13*g - 2*g = -4*g. List the prime factors of 5/(-2)*(g - 2)*118.
2, 5, 59
Suppose 38 = p - 6. Suppose 143 = 5*c - 4*n - p, -4*c + 5*n + 146 = 0. Suppose -3*b = -h - 37, 3*b - 5*h + 2*h - c = 0. List the prime factors of b.
2, 3
Suppose 673 - 663 = 2*m. Suppose f + 5*i + 137 = 888, m*f + 4*i - 3860 = 0. List the prime factors of f.
2, 97
Suppose -92*p = -90*p - 4. Let s(i) = 460*i - 48. List the prime factors of s(p).
2, 109
Suppose -469 = 5*o - 3634. Suppose -o*a + 641*a = 9736. List the prime factors of a.
1217
Suppose 5*h + 30 = 10*h. Let l be h/(-2) - (-456)/2. Suppose -l = 5*z - 695. List the prime factors of z.
2, 47
Suppose 0 = -2*q - 0*a - 3*a - 1816, 0 = -q - 4*a - 918. List the prime factors of (-1)/2*(q + -14).
2, 229
Let s(c) = -3*c**3 - 284*c**2 + 513*c - 120. What are the prime factors of s(-97)?
2, 61, 131
Let p be (306/(-12))/((-1)/(-10)). What are the prime factors of 22319/17 - 30/p?
13, 101
Let p be 8/36 - 33/27. Let n be (12 + p)*1 - (-1 + 2). List the prime factors of ((-54)/(-3))/(n/25) + -2.
43
Let j(r) = -233*r + 686. What are the prime factors of j(-30)?
2, 19, 101
Let y = 3553 + 3783. What are the prime factors of y?
2, 7, 131
Let a(w) = w**2 - w. Let k(g) = -g**3 + 18*g**2 + 3*g + 20. Let y(v) = 5*a(v) - k(v). What are the prime factors of y(15)?
2, 5, 31
Suppose -570 = 487*v - 490*v. Let w = v + -61. List the prime factors of w.
3, 43
Let y(c) = -3*c - 3. Let h be y(6). Let j = 30 + h. Suppose 0 = j*x - 4*x + 3*q - 972, 0 = 3*x - 4*q - 589. What are the prime factors of x?
3, 5, 13
Let i = 2352 - 3745. Let j = 1970 + i. What are the prime factors of j?
577
Let w(y) = 8*y**2 - 33*y - 154. List the prime factors of w(29).
41, 137
Let t be 2/(-10) + 19*427/(-35). Let q = t + 499. List the prime factors of q.
3, 89
Let w(p) = 48*p**3 - 5*p**2 + 70*p - 27. What are the prime factors of w(5)?
2, 3, 1033
Suppose -3*o - m = -11105, -392*o + 389*o + 3*m + 11121 = 0. List the prime factors of o.
7, 23
Let s = -5250 - -11024. List the prime factors of s.
2, 2887
Let c(f) = 478*f - 15. Let q be c(7). Suppose -15*g + q = 871. List the prime factors of g.
2, 41
Let z(l) = 392*l - 30. Let a be z(4). Let n = a + -724. List the prime factors of n.
2, 11, 37
Suppose -s + 3*s = -g + 1004, -2*g + 2508 = 5*s. Suppose 8*v - 13*v = -s. Let n = v + 33. What are the prime factors of n?
7, 19
Let y = -70 - -74. Suppose -c = y*g - 1673, g + g - 850 = 4*c. What are the prime factors of g?
419
Let h(s) = 769*s**2 + 2*s + 3. Let n(x) = -770*x**2 - 2*x - 3. Let a(z) = -5*h(z) - 6*n(z). What are the prime factors of a(-1)?
2, 97
Let g(b) = 24*b**2 - 4*b + 23. Suppose 0 = j + 6*w - 7*w, 4*w = j + 15. What are the prime factors of g(j)?
3, 67
Suppose 20 - 4 = -8*w. Let h be ((-1)/(-4))/(w/(-40)). Suppose -5*m = -h*z + 135, z + m + 3*m = 52. What are the prime factors of z?
2
Suppose -4*u + 3244 = l - 4*l, 2*l - 8 = 0. Suppose 0 = 5*j - u - 16. Suppose -w - 4*t + j = 0, -3*w = -2*w - t - 166. List the prime factors of w.
2, 83
Let q(l) = -17*l**2 - 5*l + 4. Let h be q(1). List the prime factors of 6/4*((-7140)/h - 6).
2, 293
Let b(m) = -24*m**3 + 2*m**2 + 7*m + 22. Let n be b(-4). Let v = -996 + n. List the prime factors of v.
2, 283
Let v(c) = 4043*c - 1687. What are the prime factors of v(17)?
2, 3, 37, 151
Suppose 0 = -3*d - 2*r - 147, -25*d = -26*d - r - 48. What are the prime factors of 0 + 17/(d/(-1602))?
2, 3, 89
Let d(q) = 14*q**2 - 12*q + 53. Let n be d(3). Suppose -n*v + 156*v = 10725. What are the prime factors of v?
3, 5, 11
Suppose -q + h - 1704 = -37659, 0 = -2*h + 14. What are the prime factors of q?
2, 17981
Suppose 0 = -3*g + 76 + 224. Let a = -59 + g. List the prime factors of (2 - 1) + a + -6.
2, 3
Let s(c) = -38*c + 16. Let y(v) = -39*v + 15. Let k(a) = 2*s(a) - 3*y(a). Let m be k(10). Suppose 3*p - x + 6*x - m = 0, 4*x = -4. List the prime factors of p.
2, 67
Suppose 31*u - 34945 = 7817 + 3056. What are the prime factors of u?
2, 739
Let d be 537/7 + -4 + (-30)/(-7). Suppose -d + 5 = -2*x + 3*y, 0 = -3*x - 4*y + 108. What are the prime factors of (x/48)/((-2)/(-536))?
3, 67
Suppose 47*s + 57*s = -32*s + 1604528. What are the prime factors of s?
2, 17, 347
Suppose 0 = -5*u - 8 + 28, -2*u + 76 = 2*w. Let p = w + -45. Let s = 44 - p. List the prime factors of s.
5, 11
Let f be (-5 - -12)*(0 + 1). Suppose -4 = y + 3*x, -y - 3*x + f = y. Suppose y = 3*w - 202. What are the prime factors of w?
71
Let k = -89498 + 162565. List the prime factors of k.
31, 2357
Suppose -27 = -19*s + 10*s. Suppose -v - 231 = -4*b, -10*b + 12*b - 113 = s*v. List the prime factors of b.
2, 29
Let g = 6219 - 1702. What are the prime factors of g?
4517
Suppose -3*g - 5*t = -166591, 0 = -g + 6*t - t + 55557. List the prime factors of g.
19, 37, 79
Suppose 27*x + 27*x = 7*x + 319130. What are the prime factors of x?
2, 5, 7, 97
Let r(m) = -6*m**2 + 2*m + 33. Let f be r(-8). Let u = 18 - f. What are the prime factors of u?
5, 7, 11
Suppose -2*o - 3*j - 10 = 0, o = -3*j - 9 + 7. Let y = -2 - o. Suppose 0 = y*a - a + 15, -2*a = 2*p - 256. What are the prime factors of p?
131
Suppose l - 28216 = -5*t, 5*l - 23391 - 4849 = -5*t. What are the prime factors of t?
2, 7, 13, 31
Suppose -3*i + 17554 - 2812 = 3*r, -19638 = -4*i - r. List the prime factors of i.
2, 3, 409
Suppose -2*q - 5*w + 21 = 0, -w + 27 = 4*q - 6*w. Let s(h) = 41*h - 13. Let o be s(q). Let x = -223 + o. What are the prime factors of x?
2, 23
Let y be (-4 - -2)*8799/(-6). Suppose y = 6*z - 115. What are the prime factors of z?
2, 127
Let s be (-11)/(11/(-2)) - (0 - 1). Suppose y = s*y - 302. Let u = 221 - y. What are the prime factors of u?
2, 5, 7
Let c(r) = -r**3 - 46*r**2 - 13*r + 1212. What are the prime factors of c(-60)?
2, 3, 37, 59
List the prime factors of 796*33 + ((-48)/6 - (-21)/3).
26267
Suppose 91*p - 1742 = 65*p. Let b = 132 + 18. Let m = b - p. What are the prime factors of m?
83
Let u = 9352 + 12954. What are the prime factors of u?
2, 19, 587
Suppose 171 = -3*h - 279. Let l = 92 + h. What are the prime factors of ((-4)/6)/(l/4959)?
3, 19
Suppose 4852 = -5*m + 3*w + 17310, -3*m - w + 7486 = 0. Let f = m - 1351. List the prime factors of f.
3, 127
Suppose 4*j = 5*w + 52, 5*j - 5 = -5*w + 15. Suppose 5392 = -j*c + 24*c. What are the prime factors of c?
337
Let c(v) = 3*v**2 - 32*v - 11. Let g be c(11). Suppose 0 = -t - y - g*y + 1199, 4*y = -2*t + 2402. What are the prime factors of t?
3, 7, 19
Let n(g) = 3*g**2 - 11*g - 9. Let t(w) = w**3 + 6*w**2 - 4*w + 5. Let v be t(-5). Let s = 45 - v. List the prime factors of n(s).
11
Suppose 0 = 8*x + 53 - 69. Suppose 10*b - x*a = 15*b - 2595, 3*b - 4*a = 1583. What are the prime factors of b?
521
Let t be (1040/100)/((-4)/20). Let l = -6 + 10. Let j = l - t. List the prime factors of j.
2, 7
Let y = -68 - -45. Suppose -6513 = 51*c + 2*c + 4882. Let j = y - c. List the prime factors of j.
2, 3
Let n be 15/(-2)*10/(-15). List the prime factors of (-1)/n - (-2172)/40*4.
7, 31
What are the prime factors of (-8)/(-10)*35/(-42) - (-12175)/15?
811
Suppose 244*n - 245*n - 6 = 0. List the prime factors of (4/(-3))/(n - (-54560)/9096).
2, 379
Let j = 719 + 13231. List the prime factors of j.
2, 3, 5, 31
Let h(i) be the second derivative of i**5/20 - i**4/12 + i**3/3 + 6*i**2 - 1445*i. Suppose -z = 4*z. What are the prime factors of h(z)?
2, 3
Let g(u) = 99*u + 3. Let c(s) = s - 3. Let b(t) = -2*c(t) + g(t). What are the prime factors of b(10)?
11, 89
Suppose 0 = -5*l + 5*z - 10*z + 3180, 4*l - z - 2544 = 0. Let h = 2449 - l. List the prime factors of h.
7, 37
Suppose x + 1603 - 295 = 5*y, -4*x - 12 = 0. What are the prime factors of (-640)/(-1)*y/174?
2, 3, 5
Let p(i) = 13*i**3 - 5*i - 6. Let f be p(-2). Let t = -98 - f. Suppose 67 = t*s - 251. List the prime factors of s.
3, 53
Let y be 40*(352 - -1) - 4. What are the prime fac